Dec 01 11:44:46.617 INFO testing kurtlawrence/papyrus against master#8940af3cea4a9a9deabcaf843b2f8cad9a83fc61 for beta-1.31-5
Dec 01 11:44:46.617 INFO running `"docker" "create" "-v" "/mnt/big/crater/work/local/target-dirs/beta-1.31-5/worker-4/master#8940af3cea4a9a9deabcaf843b2f8cad9a83fc61:/target:rw,Z" "-v" "/mnt/big/crater/work/local/test-source/worker-4/beta-1.31-5/master#8940af3cea4a9a9deabcaf843b2f8cad9a83fc61:/source:ro,Z" "-v" "/mnt/big/crater/work/local/cargo-home:/cargo-home:ro,Z" "-v" "/mnt/big/crater/work/local/rustup-home:/rustup-home:ro,Z" "-e" "USER_ID=1000" "-e" "SOURCE_DIR=/source" "-e" "USER_ID=1000" "-e" "CMD=cargo +8940af3cea4a9a9deabcaf843b2f8cad9a83fc61-alt build --frozen" "-e" "CARGO_TARGET_DIR=/target" "-e" "CARGO_INCREMENTAL=0" "-e" "RUST_BACKTRACE=full" "-e" "RUSTFLAGS=--cap-lints=warn" "-e" "CARGO_HOME=/cargo-home" "-e" "RUSTUP_HOME=/rustup-home" "-m" "1536M" "--network" "none" "crater"`
Dec 01 11:44:47.234 INFO [stdout] e82cd5bb8b195722ac01041a66a5e148227b925475c4023d6d323f354658a6ea
Dec 01 11:44:47.236 INFO running `"docker" "start" "-a" "e82cd5bb8b195722ac01041a66a5e148227b925475c4023d6d323f354658a6ea"`
Dec 01 11:44:48.587 INFO [stderr] usermod: no changes
Dec 01 11:44:49.007 INFO [stderr]    Compiling encoding_rs v0.8.13
Dec 01 11:44:49.048 INFO [stderr]    Compiling dirs v1.0.4
Dec 01 11:44:49.048 INFO [stderr]    Compiling termios v0.3.1
Dec 01 11:44:49.055 INFO [stderr]    Compiling smallstr v0.1.0
Dec 01 11:44:49.055 INFO [stderr]    Compiling nom v4.1.1
Dec 01 11:44:49.058 INFO [stderr]    Compiling nix v0.7.0
Dec 01 11:44:49.059 INFO [stderr]    Compiling serde_urlencoded v0.5.4
Dec 01 11:44:49.059 INFO [stderr]    Compiling chrono v0.4.6
Dec 01 11:44:52.248 INFO [stderr]    Compiling term_cursor v0.2.1
Dec 01 11:44:53.727 INFO [stderr]    Compiling h2 v0.1.13
Dec 01 11:44:53.821 INFO [stderr]    Compiling tokio-threadpool v0.1.9
Dec 01 11:44:54.991 INFO [stderr]    Compiling tokio-reactor v0.1.7
Dec 01 11:44:55.099 INFO [stderr]    Compiling terminfo v0.6.1
Dec 01 11:45:12.448 INFO [stderr]    Compiling simplelog v0.5.3
Dec 01 11:45:12.453 INFO [stderr]    Compiling tokio-uds v0.2.4
Dec 01 11:45:12.560 INFO [stderr]    Compiling tokio-tcp v0.1.2
Dec 01 11:45:12.875 INFO [stderr]    Compiling tokio-udp v0.1.3
Dec 01 11:45:24.247 INFO [stderr]    Compiling tokio-fs v0.1.4
Dec 01 11:45:28.224 INFO [stderr]    Compiling tokio v0.1.13
Dec 01 11:45:33.055 INFO [stderr]    Compiling hyper v0.12.16
Dec 01 11:45:47.439 INFO [stderr]    Compiling hyper-tls v0.3.1
Dec 01 11:45:47.879 INFO [stderr]    Compiling mortal v0.1.5
Dec 01 11:45:51.107 INFO [stderr]    Compiling reqwest v0.9.5
Dec 01 11:45:53.607 INFO [stderr]    Compiling linefeed v0.5.3
Dec 01 11:46:10.831 INFO [stderr]    Compiling papyrus v0.6.1 (/source)
Dec 01 11:46:32.612 INFO [stderr]     Finished dev [unoptimized + debuginfo] target(s) in 1m 44s
Dec 01 11:46:32.637 INFO [stderr] su: No module specific data is present
Dec 01 11:46:33.483 INFO running `"docker" "inspect" "e82cd5bb8b195722ac01041a66a5e148227b925475c4023d6d323f354658a6ea"`
Dec 01 11:46:33.750 INFO running `"docker" "rm" "-f" "e82cd5bb8b195722ac01041a66a5e148227b925475c4023d6d323f354658a6ea"`
Dec 01 11:46:34.099 INFO [stdout] e82cd5bb8b195722ac01041a66a5e148227b925475c4023d6d323f354658a6ea
Dec 01 11:46:34.107 INFO running `"docker" "create" "-v" "/mnt/big/crater/work/local/target-dirs/beta-1.31-5/worker-4/master#8940af3cea4a9a9deabcaf843b2f8cad9a83fc61:/target:rw,Z" "-v" "/mnt/big/crater/work/local/test-source/worker-4/beta-1.31-5/master#8940af3cea4a9a9deabcaf843b2f8cad9a83fc61:/source:ro,Z" "-v" "/mnt/big/crater/work/local/cargo-home:/cargo-home:ro,Z" "-v" "/mnt/big/crater/work/local/rustup-home:/rustup-home:ro,Z" "-e" "USER_ID=1000" "-e" "SOURCE_DIR=/source" "-e" "USER_ID=1000" "-e" "CMD=cargo +8940af3cea4a9a9deabcaf843b2f8cad9a83fc61-alt test --frozen --no-run" "-e" "CARGO_TARGET_DIR=/target" "-e" "CARGO_INCREMENTAL=0" "-e" "RUST_BACKTRACE=full" "-e" "RUSTFLAGS=--cap-lints=warn" "-e" "CARGO_HOME=/cargo-home" "-e" "RUSTUP_HOME=/rustup-home" "-m" "1536M" "--network" "none" "crater"`
Dec 01 11:46:34.639 INFO [stdout] 684181c033679674cef612a29e1ae373ea2d43ea7a5b0fb69c0b34a71d385e4d
Dec 01 11:46:34.647 INFO running `"docker" "start" "-a" "684181c033679674cef612a29e1ae373ea2d43ea7a5b0fb69c0b34a71d385e4d"`
Dec 01 11:46:36.356 INFO [stderr] usermod: no changes
Dec 01 11:46:36.727 INFO [stderr]    Compiling itertools v0.7.11
Dec 01 11:46:36.727 INFO [stderr]    Compiling walkdir v2.2.7
Dec 01 11:46:36.753 INFO [stderr]    Compiling itertools-num v0.1.3
Dec 01 11:46:36.758 INFO [stderr]    Compiling csv-core v0.1.4
Dec 01 11:46:36.758 INFO [stderr]    Compiling criterion-stats v0.2.5
Dec 01 11:46:36.759 INFO [stderr]    Compiling serde_derive v1.0.80
Dec 01 11:46:36.761 INFO [stderr]    Compiling handlebars v0.32.4
Dec 01 11:46:43.403 INFO [stderr]    Compiling csv v1.0.2
Dec 01 11:46:47.613 INFO [stderr]    Compiling criterion-plot v0.2.5
Dec 01 11:47:05.507 INFO [stderr]    Compiling criterion v0.2.5
Dec 01 11:47:14.215 INFO [stderr]    Compiling papyrus v0.6.1 (/source)
Dec 01 11:47:19.940 INFO [stderr] warning: unused variable: `repl`
Dec 01 11:47:19.940 INFO [stderr]  --> tests/file.rs:5:6
Dec 01 11:47:19.940 INFO [stderr]   |
Dec 01 11:47:19.940 INFO [stderr] 5 |     let repl = papyrus::Repl::new();
Dec 01 11:47:19.940 INFO [stderr]   |         ^^^^ help: consider using `_repl` instead
Dec 01 11:47:19.940 INFO [stderr]   |
Dec 01 11:47:19.940 INFO [stderr]   = note: #[warn(unused_variables)] on by default
Dec 01 11:47:19.940 INFO [stderr] 
Dec 01 11:47:33.125 INFO [stderr]     Finished dev [unoptimized + debuginfo] target(s) in 56.73s
Dec 01 11:47:33.182 INFO [stderr] su: No module specific data is present
Dec 01 11:47:35.131 INFO running `"docker" "inspect" "684181c033679674cef612a29e1ae373ea2d43ea7a5b0fb69c0b34a71d385e4d"`
Dec 01 11:47:35.495 INFO running `"docker" "rm" "-f" "684181c033679674cef612a29e1ae373ea2d43ea7a5b0fb69c0b34a71d385e4d"`
Dec 01 11:47:35.859 INFO [stdout] 684181c033679674cef612a29e1ae373ea2d43ea7a5b0fb69c0b34a71d385e4d
Dec 01 11:47:35.861 INFO running `"docker" "create" "-v" "/mnt/big/crater/work/local/target-dirs/beta-1.31-5/worker-4/master#8940af3cea4a9a9deabcaf843b2f8cad9a83fc61:/target:rw,Z" "-v" "/mnt/big/crater/work/local/test-source/worker-4/beta-1.31-5/master#8940af3cea4a9a9deabcaf843b2f8cad9a83fc61:/source:ro,Z" "-v" "/mnt/big/crater/work/local/cargo-home:/cargo-home:ro,Z" "-v" "/mnt/big/crater/work/local/rustup-home:/rustup-home:ro,Z" "-e" "USER_ID=1000" "-e" "SOURCE_DIR=/source" "-e" "USER_ID=1000" "-e" "CMD=cargo +8940af3cea4a9a9deabcaf843b2f8cad9a83fc61-alt test --frozen" "-e" "CARGO_TARGET_DIR=/target" "-e" "CARGO_INCREMENTAL=0" "-e" "RUST_BACKTRACE=full" "-e" "RUSTFLAGS=--cap-lints=warn" "-e" "CARGO_HOME=/cargo-home" "-e" "RUSTUP_HOME=/rustup-home" "-m" "1536M" "--network" "none" "crater"`
Dec 01 11:47:36.291 INFO [stdout] 56e393cfbe41661c5fb54992ebabe863a1588269a24f0331d108ea8d586c5804
Dec 01 11:47:36.293 INFO running `"docker" "start" "-a" "56e393cfbe41661c5fb54992ebabe863a1588269a24f0331d108ea8d586c5804"`
Dec 01 11:47:38.439 INFO [stderr] usermod: no changes
Dec 01 11:47:38.895 INFO [stderr]     Finished dev [unoptimized + debuginfo] target(s) in 0.43s
Dec 01 11:47:38.928 INFO [stderr]      Running /target/debug/deps/papyrus-bf43a42cbee6c349
Dec 01 11:47:38.953 INFO [stdout] 
Dec 01 11:47:38.953 INFO [stdout] running 21 tests
Dec 01 11:47:39.047 INFO [stdout] test input::tests::fail_parse_cmd ... ok
Dec 01 11:47:39.274 INFO [stdout] test compile::tests::test_20_stmts_compile ... FAILED
Dec 01 11:47:39.274 INFO [stdout] test compile::tests::test_run_success ... FAILED
Dec 01 11:47:39.274 INFO [stdout] test compile::tests::fail_compile ... FAILED
Dec 01 11:47:39.275 INFO [stdout] test compile::tests::fail_runtime ... FAILED
Dec 01 11:47:39.275 INFO [stdout] test compile::tests::test_build_compile_dir ... FAILED
Dec 01 11:47:39.275 INFO [stdout] test compile::tests::test_10_stmts_compile ... FAILED
Dec 01 11:47:39.280 INFO [stdout] test input::tests::handle_input ... ok
Dec 01 11:47:39.281 INFO [stdout] test input::tests::determine_result ... ok
Dec 01 11:47:39.287 INFO [stdout] test repl::command::tests::test_clone ... ok
Dec 01 11:47:39.303 INFO [stdout] test input::tests::fail_parse_program ... ok
Dec 01 11:47:39.303 INFO [stdout] test repl::command::tests::find_cmd ... ok
Dec 01 11:47:39.303 INFO [stdout] test repl::command::tests::help_response_types ... ok
Dec 01 11:47:39.303 INFO [stdout] test input::tests::test_unclosed_delimiter ... ok
Dec 01 11:47:39.304 INFO [stdout] test repl::tests::load_rs_source ... FAILED
Dec 01 11:47:39.308 INFO [stdout] test input::tests::test_items ... ok
Dec 01 11:47:39.308 INFO [stdout] test version::parse_test ... ok
Dec 01 11:47:39.310 INFO [stdout] test repl::tests::load_rscript_script ... FAILED
Dec 01 11:47:39.315 INFO [stdout] test input::tests::test_exprs ... ok
Dec 01 11:47:39.691 INFO [stdout] test version::test_web_req ... FAILED
Dec 01 11:47:39.710 INFO [stdout] test tests::create_file_and_dir_test ... FAILED
Dec 01 11:47:39.710 INFO [stdout] 
Dec 01 11:47:39.710 INFO [stdout] failures:
Dec 01 11:47:39.710 INFO [stdout] 
Dec 01 11:47:39.711 INFO [stdout] ---- compile::tests::test_20_stmts_compile stdout ----
Dec 01 11:47:39.711 INFO [stdout] thread 'compile::tests::test_20_stmts_compile' panicked at 'called `Result::unwrap()` on an `Err` value: IOError("failed creating directory \"test/stmts-20/src\"")', libcore/result.rs:1009:5
Dec 01 11:47:39.711 INFO [stdout] stack backtrace:
Dec 01 11:47:39.711 INFO [stdout]    0:     0x7eff3ccb890f - std::sys::unix::backtrace::tracing::imp::unwind_backtrace::h3a8b83e1922cbdde
Dec 01 11:47:39.711 INFO [stdout]                                at libstd/sys/unix/backtrace/tracing/gcc_s.rs:49
Dec 01 11:47:39.711 INFO [stdout]    1:     0x7eff3cc9d897 - std::sys_common::backtrace::print::h00d3155a29b4020f
Dec 01 11:47:39.712 INFO [stdout]                                at libstd/sys_common/backtrace.rs:71
Dec 01 11:47:39.712 INFO [stdout]                                at libstd/sys_common/backtrace.rs:59
Dec 01 11:47:39.712 INFO [stdout]    2:     0x7eff3ccc3cef - std::panicking::default_hook::{{closure}}::hd7465c742e79e1bb
Dec 01 11:47:39.712 INFO [stdout]                                at libstd/panicking.rs:211
Dec 01 11:47:39.712 INFO [stdout]    3:     0x7eff3ccc39ee - std::panicking::default_hook::h9e3966f2aa2a6e12
Dec 01 11:47:39.712 INFO [stdout]                                at libstd/panicking.rs:221
Dec 01 11:47:39.712 INFO [stdout]    4:     0x7eff3ccc448e - std::panicking::rust_panic_with_hook::h587f091ae747d080
Dec 01 11:47:39.712 INFO [stdout]                                at libstd/panicking.rs:476
Dec 01 11:47:39.712 INFO [stdout]    5:     0x7eff3ccc4031 - std::panicking::continue_panic_fmt::hb3a4fdede87f43a8
Dec 01 11:47:39.712 INFO [stdout]                                at libstd/panicking.rs:390
Dec 01 11:47:39.712 INFO [stdout]    6:     0x7eff3ccc3f15 - rust_begin_unwind
Dec 01 11:47:39.712 INFO [stdout]                                at libstd/panicking.rs:325
Dec 01 11:47:39.712 INFO [stdout]    7:     0x7eff3cd25dec - core::panicking::panic_fmt::h6f9cebf5e7474a0b
Dec 01 11:47:39.712 INFO [stdout]                                at libcore/panicking.rs:77
Dec 01 11:47:39.712 INFO [stdout]    8:     0x5563cf36e5cb - core::result::unwrap_failed::hf75eb46b24459559
Dec 01 11:47:39.712 INFO [stdout]                                at libcore/macros.rs:26
Dec 01 11:47:39.712 INFO [stdout]    9:     0x5563cf368b0b - <core::result::Result<T, E>>::unwrap::hb0761d25842e475b
Dec 01 11:47:39.712 INFO [stdout]                                at libcore/result.rs:808
Dec 01 11:47:39.712 INFO [stdout]   10:     0x5563cf32764e - papyrus::compile::tests::test_20_stmts_compile::h5c3ea018826e778f
Dec 01 11:47:39.712 INFO [stdout]                                at src/compile.rs:337
Dec 01 11:47:39.712 INFO [stdout]   11:     0x5563cf327519 - papyrus::compile::tests::test_20_stmts_compile::{{closure}}::hec33d94ffe159bfb
Dec 01 11:47:39.712 INFO [stdout]                                at src/compile.rs:330
Dec 01 11:47:39.712 INFO [stdout]   12:     0x5563cf3481fd - core::ops::function::FnOnce::call_once::he37adc4a7a0099c3
Dec 01 11:47:39.712 INFO [stdout]                                at libcore/ops/function.rs:238
Dec 01 11:47:39.712 INFO [stdout]   13:     0x7eff3d9f81be - <F as alloc::boxed::FnBox<A>>::call_box::hac903f91577a156c
Dec 01 11:47:39.712 INFO [stdout]                                at libtest/lib.rs:1468
Dec 01 11:47:39.712 INFO [stdout]                                at libcore/ops/function.rs:238
Dec 01 11:47:39.712 INFO [stdout]                                at liballoc/boxed.rs:672
Dec 01 11:47:39.712 INFO [stdout]   14:     0x7eff3ccd1cd9 - __rust_maybe_catch_panic
Dec 01 11:47:39.712 INFO [stdout]                                at libpanic_unwind/lib.rs:102
Dec 01 11:47:39.712 INFO [stdout]   15:     0x7eff3da20462 - std::sys_common::backtrace::__rust_begin_short_backtrace::hb8f0d0309526c184
Dec 01 11:47:39.712 INFO [stdout]                                at libstd/panicking.rs:289
Dec 01 11:47:39.712 INFO [stdout]                                at libstd/panic.rs:392
Dec 01 11:47:39.712 INFO [stdout]                                at libtest/lib.rs:1423
Dec 01 11:47:39.712 INFO [stdout]                                at libstd/sys_common/backtrace.rs:136
Dec 01 11:47:39.712 INFO [stdout]   16:     0x7eff3da21204 - std::panicking::try::do_call::hc2f7c8b9a348d8db
Dec 01 11:47:39.712 INFO [stdout]                                at libstd/thread/mod.rs:409
Dec 01 11:47:39.712 INFO [stdout]                                at libstd/panic.rs:313
Dec 01 11:47:39.712 INFO [stdout]                                at libstd/panicking.rs:310
Dec 01 11:47:39.712 INFO [stdout]   17:     0x7eff3ccd1cd9 - __rust_maybe_catch_panic
Dec 01 11:47:39.712 INFO [stdout]                                at libpanic_unwind/lib.rs:102
Dec 01 11:47:39.712 INFO [stdout]   18:     0x7eff3da0994c - <F as alloc::boxed::FnBox<A>>::call_box::h6bfded618e480b32
Dec 01 11:47:39.712 INFO [stdout]                                at libstd/panicking.rs:289
Dec 01 11:47:39.712 INFO [stdout]                                at libstd/panic.rs:392
Dec 01 11:47:39.712 INFO [stdout]                                at libstd/thread/mod.rs:408
Dec 01 11:47:39.712 INFO [stdout]                                at liballoc/boxed.rs:672
Dec 01 11:47:39.712 INFO [stdout]   19:     0x7eff3ccbec9d - std::sys_common::thread::start_thread::h4c28257d67cdf9cb
Dec 01 11:47:39.712 INFO [stdout]                                at liballoc/boxed.rs:682
Dec 01 11:47:39.712 INFO [stdout]                                at libstd/sys_common/thread.rs:24
Dec 01 11:47:39.712 INFO [stdout]   20:     0x7eff3cc944d5 - std::sys::unix::thread::Thread::new::thread_start::hfecb2e7eff8fd34f
Dec 01 11:47:39.712 INFO [stdout]                                at libstd/sys/unix/thread.rs:90
Dec 01 11:47:39.712 INFO [stdout]   21:     0x7eff3bba56b9 - start_thread
Dec 01 11:47:39.712 INFO [stdout]   22:     0x7eff3c97b41c - clone
Dec 01 11:47:39.712 INFO [stdout]   23:                0x0 - <unknown>
Dec 01 11:47:39.712 INFO [stdout] 
Dec 01 11:47:39.712 INFO [stdout] ---- repl::tests::load_rs_source stdout ----
Dec 01 11:47:39.712 INFO [stdout] test-src/with-crate.rs
Dec 01 11:47:39.712 INFO [stdout] thread 'repl::tests::load_rs_source' panicked at 'called `Result::unwrap()` on an `Err` value: IOError("failed creating directory \"test/with-crate/src\"")', libcore/result.rs:1009:5
Dec 01 11:47:39.712 INFO [stdout] stack backtrace:
Dec 01 11:47:39.712 INFO [stdout]    0:     0x7eff3ccb890f - std::sys::unix::backtrace::tracing::imp::unwind_backtrace::h3a8b83e1922cbdde
Dec 01 11:47:39.712 INFO [stdout]                                at libstd/sys/unix/backtrace/tracing/gcc_s.rs:49
Dec 01 11:47:39.712 INFO [stdout]    1:     0x7eff3cc9d897 - std::sys_common::backtrace::print::h00d3155a29b4020f
Dec 01 11:47:39.712 INFO [stdout]                                at libstd/sys_common/backtrace.rs:71
Dec 01 11:47:39.712 INFO [stdout]                                at libstd/sys_common/backtrace.rs:59
Dec 01 11:47:39.712 INFO [stdout]    2:     0x7eff3ccc3cef - std::panicking::default_hook::{{closure}}::hd7465c742e79e1bb
Dec 01 11:47:39.712 INFO [stdout]                                at libstd/panicking.rs:211
Dec 01 11:47:39.712 INFO [stdout]    3:     0x7eff3ccc39ee - std::panicking::default_hook::h9e3966f2aa2a6e12
Dec 01 11:47:39.712 INFO [stdout]                                at libstd/panicking.rs:221
Dec 01 11:47:39.712 INFO [stdout]    4:     0x7eff3ccc44e6 - std::panicking::rust_panic_with_hook::h587f091ae747d080
Dec 01 11:47:39.712 INFO [stdout]                                at libstd/panicking.rs:480
Dec 01 11:47:39.712 INFO [stdout]    5:     0x7eff3ccc4031 - std::panicking::continue_panic_fmt::hb3a4fdede87f43a8
Dec 01 11:47:39.712 INFO [stdout]                                at libstd/panicking.rs:390
Dec 01 11:47:39.712 INFO [stdout]    6:     0x7eff3ccc3f15 - rust_begin_unwind
Dec 01 11:47:39.712 INFO [stdout]                                at libstd/panicking.rs:325
Dec 01 11:47:39.712 INFO [stdout]    7:     0x7eff3cd25dec - core::panicking::panic_fmt::h6f9cebf5e7474a0b
Dec 01 11:47:39.712 INFO [stdout]                                at libcore/panicking.rs:77
Dec 01 11:47:39.712 INFO [stdout]    8:     0x5563cf36e5cb - core::result::unwrap_failed::hf75eb46b24459559
Dec 01 11:47:39.712 INFO [stdout]                                at libcore/macros.rs:26
Dec 01 11:47:39.712 INFO [stdout]    9:     0x5563cf368b0b - <core::result::Result<T, E>>::unwrap::hb0761d25842e475b
Dec 01 11:47:39.712 INFO [stdout]                                at libcore/result.rs:808
Dec 01 11:47:39.712 INFO [stdout]   10:     0x5563cf33fd88 - papyrus::repl::eval::h56f8b1d36b30f177
Dec 01 11:47:39.712 INFO [stdout]                                at src/repl/mod.rs:339
Dec 01 11:47:39.712 INFO [stdout]   11:     0x5563cf33bb5b - papyrus::repl::tests::load_rs_source::hbc31fceaed53a58f
Dec 01 11:47:39.712 INFO [stdout]                                at src/repl/tests.rs:14
Dec 01 11:47:39.712 INFO [stdout]   12:     0x5563cf33b339 - papyrus::repl::tests::load_rs_source::{{closure}}::h253121f289697420
Dec 01 11:47:39.712 INFO [stdout]                                at src/repl/tests.rs:4
Dec 01 11:47:39.712 INFO [stdout]   13:     0x5563cf347c5d - core::ops::function::FnOnce::call_once::h4397df812c4edcdf
Dec 01 11:47:39.712 INFO [stdout]                                at libcore/ops/function.rs:238
Dec 01 11:47:39.712 INFO [stdout]   14:     0x7eff3d9f81be - <F as alloc::boxed::FnBox<A>>::call_box::hac903f91577a156c
Dec 01 11:47:39.712 INFO [stdout]                                at libtest/lib.rs:1468
Dec 01 11:47:39.713 INFO [stdout]                                at libcore/ops/function.rs:238
Dec 01 11:47:39.713 INFO [stdout]                                at liballoc/boxed.rs:672
Dec 01 11:47:39.713 INFO [stdout]   15:     0x7eff3ccd1cd9 - __rust_maybe_catch_panic
Dec 01 11:47:39.713 INFO [stdout]                                at libpanic_unwind/lib.rs:102
Dec 01 11:47:39.713 INFO [stdout]   16:     0x7eff3da20462 - std::sys_common::backtrace::__rust_begin_short_backtrace::hb8f0d0309526c184
Dec 01 11:47:39.713 INFO [stdout]                                at libstd/panicking.rs:289
Dec 01 11:47:39.713 INFO [stdout]                                at libstd/panic.rs:392
Dec 01 11:47:39.713 INFO [stdout]                                at libtest/lib.rs:1423
Dec 01 11:47:39.713 INFO [stdout]                                at libstd/sys_common/backtrace.rs:136
Dec 01 11:47:39.713 INFO [stdout]   17:     0x7eff3da21204 - std::panicking::try::do_call::hc2f7c8b9a348d8db
Dec 01 11:47:39.713 INFO [stdout]                                at libstd/thread/mod.rs:409
Dec 01 11:47:39.713 INFO [stdout]                                at libstd/panic.rs:313
Dec 01 11:47:39.713 INFO [stdout]                                at libstd/panicking.rs:310
Dec 01 11:47:39.713 INFO [stdout]   18:     0x7eff3ccd1cd9 - __rust_maybe_catch_panic
Dec 01 11:47:39.713 INFO [stdout]                                at libpanic_unwind/lib.rs:102
Dec 01 11:47:39.713 INFO [stdout]   19:     0x7eff3da0994c - <F as alloc::boxed::FnBox<A>>::call_box::h6bfded618e480b32
Dec 01 11:47:39.713 INFO [stdout]                                at libstd/panicking.rs:289
Dec 01 11:47:39.713 INFO [stdout]                                at libstd/panic.rs:392
Dec 01 11:47:39.713 INFO [stdout]                                at libstd/thread/mod.rs:408
Dec 01 11:47:39.713 INFO [stdout]                                at liballoc/boxed.rs:672
Dec 01 11:47:39.713 INFO [stdout]   20:     0x7eff3ccbec9d - std::sys_common::thread::start_thread::h4c28257d67cdf9cb
Dec 01 11:47:39.713 INFO [stdout]                                at liballoc/boxed.rs:682
Dec 01 11:47:39.713 INFO [stdout]                                at libstd/sys_common/thread.rs:24
Dec 01 11:47:39.713 INFO [stdout]   21:     0x7eff3cc944d5 - std::sys::unix::thread::Thread::new::thread_start::hfecb2e7eff8fd34f
Dec 01 11:47:39.713 INFO [stdout]                                at libstd/sys/unix/thread.rs:90
Dec 01 11:47:39.713 INFO [stdout]   22:     0x7eff3bba56b9 - start_thread
Dec 01 11:47:39.713 INFO [stdout]   23:     0x7eff3c97b41c - clone
Dec 01 11:47:39.713 INFO [stdout]   24:                0x0 - <unknown>
Dec 01 11:47:39.713 INFO [stdout] 
Dec 01 11:47:39.713 INFO [stdout] ---- repl::tests::load_rscript_script stdout ----
Dec 01 11:47:39.713 INFO [stdout] test-src/expr.rscript
Dec 01 11:47:39.713 INFO [stdout] thread 'repl::tests::load_rscript_script' panicked at 'called `Result::unwrap()` on an `Err` value: IOError("failed creating directory \"test/expr/src\"")', libcore/result.rs:1009:5
Dec 01 11:47:39.713 INFO [stdout] stack backtrace:
Dec 01 11:47:39.713 INFO [stdout]    0:     0x7eff3ccb890f - std::sys::unix::backtrace::tracing::imp::unwind_backtrace::h3a8b83e1922cbdde
Dec 01 11:47:39.713 INFO [stdout]                                at libstd/sys/unix/backtrace/tracing/gcc_s.rs:49
Dec 01 11:47:39.713 INFO [stdout]    1:     0x7eff3cc9d897 - std::sys_common::backtrace::print::h00d3155a29b4020f
Dec 01 11:47:39.713 INFO [stdout]                                at libstd/sys_common/backtrace.rs:71
Dec 01 11:47:39.713 INFO [stdout]                                at libstd/sys_common/backtrace.rs:59
Dec 01 11:47:39.713 INFO [stdout]    2:     0x7eff3ccc3cef - std::panicking::default_hook::{{closure}}::hd7465c742e79e1bb
Dec 01 11:47:39.713 INFO [stdout]                                at libstd/panicking.rs:211
Dec 01 11:47:39.713 INFO [stdout]    3:     0x7eff3ccc39ee - std::panicking::default_hook::h9e3966f2aa2a6e12
Dec 01 11:47:39.713 INFO [stdout]                                at libstd/panicking.rs:221
Dec 01 11:47:39.713 INFO [stdout]    4:     0x7eff3ccc44e6 - std::panicking::rust_panic_with_hook::h587f091ae747d080
Dec 01 11:47:39.713 INFO [stdout]                                at libstd/panicking.rs:480
Dec 01 11:47:39.713 INFO [stdout]    5:     0x7eff3ccc4031 - std::panicking::continue_panic_fmt::hb3a4fdede87f43a8
Dec 01 11:47:39.713 INFO [stdout]                                at libstd/panicking.rs:390
Dec 01 11:47:39.713 INFO [stdout]    6:     0x7eff3ccc3f15 - rust_begin_unwind
Dec 01 11:47:39.713 INFO [stdout]                                at libstd/panicking.rs:325
Dec 01 11:47:39.713 INFO [stdout]    7:     0x7eff3cd25dec - core::panicking::panic_fmt::h6f9cebf5e7474a0b
Dec 01 11:47:39.713 INFO [stdout]                                at libcore/panicking.rs:77
Dec 01 11:47:39.713 INFO [stdout]    8:     0x5563cf36e5cb - core::result::unwrap_failed::hf75eb46b24459559
Dec 01 11:47:39.713 INFO [stdout]                                at libcore/macros.rs:26
Dec 01 11:47:39.713 INFO [stdout]    9:     0x5563cf368b0b - <core::result::Result<T, E>>::unwrap::hb0761d25842e475b
Dec 01 11:47:39.713 INFO [stdout]                                at libcore/result.rs:808
Dec 01 11:47:39.713 INFO [stdout]   10:     0x5563cf33fd88 - papyrus::repl::eval::h56f8b1d36b30f177
Dec 01 11:47:39.713 INFO [stdout]                                at src/repl/mod.rs:339
Dec 01 11:47:39.713 INFO [stdout]   11:     0x5563cf33c8db - papyrus::repl::tests::load_rscript_script::h03f181c64a23bc63
Dec 01 11:47:39.713 INFO [stdout]                                at src/repl/tests.rs:48
Dec 01 11:47:39.713 INFO [stdout]   12:     0x5563cf33c0b9 - papyrus::repl::tests::load_rscript_script::{{closure}}::h85526fafaaf9500b
Dec 01 11:47:39.713 INFO [stdout]                                at src/repl/tests.rs:38
Dec 01 11:47:39.713 INFO [stdout]   13:     0x5563cf347efd - core::ops::function::FnOnce::call_once::h760d6f5863de634b
Dec 01 11:47:39.713 INFO [stdout]                                at libcore/ops/function.rs:238
Dec 01 11:47:39.713 INFO [stdout]   14:     0x7eff3d9f81be - <F as alloc::boxed::FnBox<A>>::call_box::hac903f91577a156c
Dec 01 11:47:39.713 INFO [stdout]                                at libtest/lib.rs:1468
Dec 01 11:47:39.713 INFO [stdout]                                at libcore/ops/function.rs:238
Dec 01 11:47:39.713 INFO [stdout]                                at liballoc/boxed.rs:672
Dec 01 11:47:39.713 INFO [stdout]   15:     0x7eff3ccd1cd9 - __rust_maybe_catch_panic
Dec 01 11:47:39.713 INFO [stdout]                                at libpanic_unwind/lib.rs:102
Dec 01 11:47:39.713 INFO [stdout]   16:     0x7eff3da20462 - std::sys_common::backtrace::__rust_begin_short_backtrace::hb8f0d0309526c184
Dec 01 11:47:39.713 INFO [stdout]                                at libstd/panicking.rs:289
Dec 01 11:47:39.713 INFO [stdout]                                at libstd/panic.rs:392
Dec 01 11:47:39.713 INFO [stdout]                                at libtest/lib.rs:1423
Dec 01 11:47:39.713 INFO [stdout]                                at libstd/sys_common/backtrace.rs:136
Dec 01 11:47:39.713 INFO [stdout]   17:     0x7eff3da21204 - std::panicking::try::do_call::hc2f7c8b9a348d8db
Dec 01 11:47:39.713 INFO [stdout]                                at libstd/thread/mod.rs:409
Dec 01 11:47:39.713 INFO [stdout]                                at libstd/panic.rs:313
Dec 01 11:47:39.713 INFO [stdout]                                at libstd/panicking.rs:310
Dec 01 11:47:39.713 INFO [stdout]   18:     0x7eff3ccd1cd9 - __rust_maybe_catch_panic
Dec 01 11:47:39.713 INFO [stdout]                                at libpanic_unwind/lib.rs:102
Dec 01 11:47:39.713 INFO [stdout]   19:     0x7eff3da0994c - <F as alloc::boxed::FnBox<A>>::call_box::h6bfded618e480b32
Dec 01 11:47:39.713 INFO [stdout]                                at libstd/panicking.rs:289
Dec 01 11:47:39.713 INFO [stdout]                                at libstd/panic.rs:392
Dec 01 11:47:39.713 INFO [stdout]                                at libstd/thread/mod.rs:408
Dec 01 11:47:39.713 INFO [stdout]                                at liballoc/boxed.rs:672
Dec 01 11:47:39.713 INFO [stdout]   20:     0x7eff3ccbec9d - std::sys_common::thread::start_thread::h4c28257d67cdf9cb
Dec 01 11:47:39.713 INFO [stdout]                                at liballoc/boxed.rs:682
Dec 01 11:47:39.713 INFO [stdout]                                at libstd/sys_common/thread.rs:24
Dec 01 11:47:39.713 INFO [stdout]   21:     0x7eff3cc944d5 - std::sys::unix::thread::Thread::new::thread_start::hfecb2e7eff8fd34f
Dec 01 11:47:39.714 INFO [stdout]                                at libstd/sys/unix/thread.rs:90
Dec 01 11:47:39.714 INFO [stdout]   22:     0x7eff3bba56b9 - start_thread
Dec 01 11:47:39.714 INFO [stdout]   23:     0x7eff3c97b41c - clone
Dec 01 11:47:39.714 INFO [stdout]   24:                0x0 - <unknown>
Dec 01 11:47:39.714 INFO [stdout] 
Dec 01 11:47:39.714 INFO [stdout] ---- version::test_web_req stdout ----
Dec 01 11:47:39.714 INFO [stdout] thread 'version::test_web_req' panicked at 'failed to query crates.io', src/version.rs:68:13
Dec 01 11:47:39.714 INFO [stdout] stack backtrace:
Dec 01 11:47:39.714 INFO [stdout]    0:     0x7eff3ccb890f - std::sys::unix::backtrace::tracing::imp::unwind_backtrace::h3a8b83e1922cbdde
Dec 01 11:47:39.714 INFO [stdout]                                at libstd/sys/unix/backtrace/tracing/gcc_s.rs:49
Dec 01 11:47:39.714 INFO [stdout]    1:     0x7eff3cc9d897 - std::sys_common::backtrace::print::h00d3155a29b4020f
Dec 01 11:47:39.714 INFO [stdout]                                at libstd/sys_common/backtrace.rs:71
Dec 01 11:47:39.714 INFO [stdout]                                at libstd/sys_common/backtrace.rs:59
Dec 01 11:47:39.714 INFO [stdout]    2:     0x7eff3ccc3cef - std::panicking::default_hook::{{closure}}::hd7465c742e79e1bb
Dec 01 11:47:39.714 INFO [stdout]                                at libstd/panicking.rs:211
Dec 01 11:47:39.714 INFO [stdout]    3:     0x7eff3ccc39ee - std::panicking::default_hook::h9e3966f2aa2a6e12
Dec 01 11:47:39.714 INFO [stdout]                                at libstd/panicking.rs:221
Dec 01 11:47:39.714 INFO [stdout]    4:     0x7eff3ccc44e6 - std::panicking::rust_panic_with_hook::h587f091ae747d080
Dec 01 11:47:39.714 INFO [stdout]                                at libstd/panicking.rs:480
Dec 01 11:47:39.714 INFO [stdout]    5:     0x5563cfaf5e07 - std::panicking::begin_panic::h268258cb44f94ef4
Dec 01 11:47:39.714 INFO [stdout]                                at libstd/panicking.rs:410
Dec 01 11:47:39.714 INFO [stdout]    6:     0x5563cf335f50 - papyrus::version::test_web_req::h84066a43b6988330
Dec 01 11:47:39.714 INFO [stdout]                                at src/version.rs:68
Dec 01 11:47:39.714 INFO [stdout]    7:     0x5563cf335ea9 - papyrus::version::test_web_req::{{closure}}::h07c9a303c1d096a6
Dec 01 11:47:39.714 INFO [stdout]                                at src/version.rs:64
Dec 01 11:47:39.714 INFO [stdout]    8:     0x5563cf347e3d - core::ops::function::FnOnce::call_once::h6883b2eaff756c4c
Dec 01 11:47:39.714 INFO [stdout]                                at libcore/ops/function.rs:238
Dec 01 11:47:39.714 INFO [stdout]    9:     0x7eff3d9f81be - <F as alloc::boxed::FnBox<A>>::call_box::hac903f91577a156c
Dec 01 11:47:39.714 INFO [stdout]                                at libtest/lib.rs:1468
Dec 01 11:47:39.714 INFO [stdout]                                at libcore/ops/function.rs:238
Dec 01 11:47:39.714 INFO [stdout]                                at liballoc/boxed.rs:672
Dec 01 11:47:39.714 INFO [stdout]   10:     0x7eff3ccd1cd9 - __rust_maybe_catch_panic
Dec 01 11:47:39.714 INFO [stdout]                                at libpanic_unwind/lib.rs:102
Dec 01 11:47:39.714 INFO [stdout]   11:     0x7eff3da20462 - std::sys_common::backtrace::__rust_begin_short_backtrace::hb8f0d0309526c184
Dec 01 11:47:39.714 INFO [stdout]                                at libstd/panicking.rs:289
Dec 01 11:47:39.714 INFO [stdout]                                at libstd/panic.rs:392
Dec 01 11:47:39.714 INFO [stdout]                                at libtest/lib.rs:1423
Dec 01 11:47:39.714 INFO [stdout]                                at libstd/sys_common/backtrace.rs:136
Dec 01 11:47:39.714 INFO [stdout]   12:     0x7eff3da21204 - std::panicking::try::do_call::hc2f7c8b9a348d8db
Dec 01 11:47:39.714 INFO [stdout]                                at libstd/thread/mod.rs:409
Dec 01 11:47:39.714 INFO [stdout]                                at libstd/panic.rs:313
Dec 01 11:47:39.714 INFO [stdout]                                at libstd/panicking.rs:310
Dec 01 11:47:39.714 INFO [stdout]   13:     0x7eff3ccd1cd9 - __rust_maybe_catch_panic
Dec 01 11:47:39.714 INFO [stdout]                                at libpanic_unwind/lib.rs:102
Dec 01 11:47:39.714 INFO [stdout]   14:     0x7eff3da0994c - <F as alloc::boxed::FnBox<A>>::call_box::h6bfded618e480b32
Dec 01 11:47:39.714 INFO [stdout]                                at libstd/panicking.rs:289
Dec 01 11:47:39.714 INFO [stdout]                                at libstd/panic.rs:392
Dec 01 11:47:39.714 INFO [stdout]                                at libstd/thread/mod.rs:408
Dec 01 11:47:39.714 INFO [stdout]                                at liballoc/boxed.rs:672
Dec 01 11:47:39.714 INFO [stdout]   15:     0x7eff3ccbec9d - std::sys_common::thread::start_thread::h4c28257d67cdf9cb
Dec 01 11:47:39.714 INFO [stdout]                                at liballoc/boxed.rs:682
Dec 01 11:47:39.714 INFO [stdout]                                at libstd/sys_common/thread.rs:24
Dec 01 11:47:39.714 INFO [stdout]   16:     0x7eff3cc944d5 - std::sys::unix::thread::Thread::new::thread_start::hfecb2e7eff8fd34f
Dec 01 11:47:39.714 INFO [stdout]                                at libstd/sys/unix/thread.rs:90
Dec 01 11:47:39.714 INFO [stdout]   17:     0x7eff3bba56b9 - start_thread
Dec 01 11:47:39.714 INFO [stdout]   18:     0x7eff3c97b41c - clone
Dec 01 11:47:39.714 INFO [stdout]   19:                0x0 - <unknown>
Dec 01 11:47:39.714 INFO [stdout] 
Dec 01 11:47:39.714 INFO [stdout] ---- tests::create_file_and_dir_test stdout ----
Dec 01 11:47:39.714 INFO [stdout] thread 'tests::create_file_and_dir_test' panicked at 'called `Result::unwrap()` on an `Err` value: Os { code: 30, kind: Other, message: "Read-only file system" }
Dec 01 11:47:39.714 INFO [stdout] 
Dec 01 11:47:39.714 INFO [stdout] stack backtrace:
Dec 01 11:47:39.714 INFO [stdout]    0:     0x5563cfaedb46 - backtrace::backtrace::libunwind::trace::h64223e38b1db3467
Dec 01 11:47:39.714 INFO [stdout]                         at /cargo-home/registry/src/github.com-1ecc6299db9ec823/backtrace-0.3.9/src/backtrace/libunwind.rs:53
Dec 01 11:47:39.714 INFO [stdout]                          - backtrace::backtrace::trace::h5ae7f2b9d7860414
Dec 01 11:47:39.714 INFO [stdout]                         at /cargo-home/registry/src/github.com-1ecc6299db9ec823/backtrace-0.3.9/src/backtrace/mod.rs:42
Dec 01 11:47:39.714 INFO [stdout]    1:     0x5563cfae8203 - backtrace::capture::Backtrace::new_unresolved::h4e19f78a13bd9aa1
Dec 01 11:47:39.714 INFO [stdout]                         at /cargo-home/registry/src/github.com-1ecc6299db9ec823/backtrace-0.3.9/src/capture.rs:88
Dec 01 11:47:39.714 INFO [stdout]    2:     0x5563cfae6793 - failure::backtrace::internal::InternalBacktrace::new::h9fec7680015d7846
Dec 01 11:47:39.714 INFO [stdout]                         at /cargo-home/registry/src/github.com-1ecc6299db9ec823/failure-0.1.3/src/backtrace/internal.rs:44
Dec 01 11:47:39.714 INFO [stdout]    3:     0x5563cfae593c - failure::backtrace::Backtrace::new::h7f588a59a0e96b7a
Dec 01 11:47:39.714 INFO [stdout]                         at /cargo-home/registry/src/github.com-1ecc6299db9ec823/failure-0.1.3/src/backtrace/mod.rs:111
Dec 01 11:47:39.714 INFO [stdout]    4:     0x5563cf324e35 - <failure::error::error_impl::ErrorImpl as core::convert::From<F>>::from::hf365b3c622ae0558
Dec 01 11:47:39.714 INFO [stdout]                         at /cargo-home/registry/src/github.com-1ecc6299db9ec823/failure-0.1.3/src/error/error_impl.rs:19
Dec 01 11:47:39.714 INFO [stdout]    5:     0x5563cf3171de - <failure::error::Error as core::convert::From<F>>::from::h94e87bca1495018c
Dec 01 11:47:39.714 INFO [stdout]                         at /cargo-home/registry/src/github.com-1ecc6299db9ec823/failure-0.1.3/src/error/mod.rs:36
Dec 01 11:47:39.714 INFO [stdout]    6:     0x5563cf32333e - <T as core::convert::Into<U>>::into::h6b07d3e66e29332f
Dec 01 11:47:39.714 INFO [stdout]                         at libcore/convert.rs:456
Dec 01 11:47:39.714 INFO [stdout]    7:     0x5563cf330c6d - <failure::context::Context<D>>::with_err::h3a4519701956786c
Dec 01 11:47:39.714 INFO [stdout]                         at /cargo-home/registry/src/github.com-1ecc6299db9ec823/failure-0.1.3/src/context.rs:105
Dec 01 11:47:39.714 INFO [stdout]    8:     0x5563cf323e75 - failure::Fail::context::h146f6a2574593471
Dec 01 11:47:39.714 INFO [stdout]                         at /cargo-home/registry/src/github.com-1ecc6299db9ec823/failure-0.1.3/src/lib.rs:153
Dec 01 11:47:39.714 INFO [stdout]    9:     0x5563cf311fa5 - <core::result::Result<T, E> as failure::result_ext::ResultExt<T, E>>::context::{{closure}}::hb4de90391a54542b
Dec 01 11:47:39.714 INFO [stdout]                         at /cargo-home/registry/src/github.com-1ecc6299db9ec823/failure-0.1.3/src/result_ext.rs:164
Dec 01 11:47:39.714 INFO [stdout]   10:     0x5563cf36cd8a - <core::result::Result<T, E>>::map_err::hc6b358f888ef18e6
Dec 01 11:47:39.714 INFO [stdout]                         at libcore/result.rs:530
Dec 01 11:47:39.714 INFO [stdout]   11:     0x5563cf3660dd - <core::result::Result<T, E> as failure::result_ext::ResultExt<T, E>>::context::h86a0e1c43bf77045
Dec 01 11:47:39.715 INFO [stdout]                         at /cargo-home/registry/src/github.com-1ecc6299db9ec823/failure-0.1.3/src/result_ext.rs:164
Dec 01 11:47:39.715 INFO [stdout]   12:     0x5563cf326008 - papyrus::create_file_and_dir::ha731e7302d536103
Dec 01 11:47:39.715 INFO [stdout]                         at src/lib.rs:140
Dec 01 11:47:39.715 INFO [stdout]   13:     0x5563cf3279a9 - papyrus::tests::create_file_and_dir_test::h90876665ac360b38
Dec 01 11:47:39.715 INFO [stdout]                         at src/lib.rs:151
Dec 01 11:47:39.715 INFO [stdout]   14:     0x5563cf327919 - papyrus::tests::create_file_and_dir_test::{{closure}}::h3f5a2dbb954d18ae
Dec 01 11:47:39.715 INFO [stdout]                         at src/lib.rs:148
Dec 01 11:47:39.715 INFO [stdout]   15:     0x5563cf347cdd - core::ops::function::FnOnce::call_once::h48f13a824ed8925e
Dec 01 11:47:39.715 INFO [stdout]                         at libcore/ops/function.rs:238
Dec 01 11:47:39.715 INFO [stdout]   16:     0x7eff3d9f81be - test::run_test::{{closure}}::h22f923ed51962bb2
Dec 01 11:47:39.715 INFO [stdout]                         at libtest/lib.rs:1468
Dec 01 11:47:39.715 INFO [stdout]                          - core::ops::function::FnOnce::call_once::he2d9197ddf9e830c
Dec 01 11:47:39.715 INFO [stdout]                         at libcore/ops/function.rs:238
Dec 01 11:47:39.715 INFO [stdout]                          - <F as alloc::boxed::FnBox<A>>::call_box::hac903f91577a156c
Dec 01 11:47:39.715 INFO [stdout]                         at liballoc/boxed.rs:672
Dec 01 11:47:39.715 INFO [stdout]   17:     0x7eff3ccd1cd9 - __rust_maybe_catch_panic
Dec 01 11:47:39.715 INFO [stdout]                         at libpanic_unwind/lib.rs:102
Dec 01 11:47:39.715 INFO [stdout]   18:     0x7eff3da20462 - std::panicking::try::h86d959bc0ec6cdfc
Dec 01 11:47:39.715 INFO [stdout]                         at libstd/panicking.rs:289
Dec 01 11:47:39.715 INFO [stdout]                          - std::panic::catch_unwind::h58f3b0b822e24260
Dec 01 11:47:39.715 INFO [stdout]                         at libstd/panic.rs:392
Dec 01 11:47:39.715 INFO [stdout]                          - test::run_test::run_test_inner::{{closure}}::h6052d99a909b4d79
Dec 01 11:47:39.715 INFO [stdout]                         at libtest/lib.rs:1423
Dec 01 11:47:39.715 INFO [stdout]                          - std::sys_common::backtrace::__rust_begin_short_backtrace::hb8f0d0309526c184
Dec 01 11:47:39.715 INFO [stdout]                         at libstd/sys_common/backtrace.rs:136
Dec 01 11:47:39.715 INFO [stdout]   19:     0x7eff3da21204 - std::thread::Builder::spawn::{{closure}}::{{closure}}::he41bdc16beab5bc6
Dec 01 11:47:39.715 INFO [stdout]                         at libstd/thread/mod.rs:409
Dec 01 11:47:39.715 INFO [stdout]                          - <std::panic::AssertUnwindSafe<F> as core::ops::function::FnOnce<()>>::call_once::h250f97bbd023a26e
Dec 01 11:47:39.715 INFO [stdout]                         at libstd/panic.rs:313
Dec 01 11:47:39.715 INFO [stdout]                          - std::panicking::try::do_call::hc2f7c8b9a348d8db
Dec 01 11:47:39.715 INFO [stdout]                         at libstd/panicking.rs:310
Dec 01 11:47:39.715 INFO [stdout]   20:     0x7eff3ccd1cd9 - __rust_maybe_catch_panic
Dec 01 11:47:39.715 INFO [stdout]                         at libpanic_unwind/lib.rs:102
Dec 01 11:47:39.715 INFO [stdout]   21:     0x7eff3da0994c - std::panicking::try::h060637bb9966bca1
Dec 01 11:47:39.715 INFO [stdout]                         at libstd/panicking.rs:289
Dec 01 11:47:39.715 INFO [stdout]                          - std::panic::catch_unwind::hbb63bac845704635
Dec 01 11:47:39.715 INFO [stdout]                         at libstd/panic.rs:392
Dec 01 11:47:39.715 INFO [stdout]                          - std::thread::Builder::spawn::{{closure}}::h3a662d8ffcf3ef15
Dec 01 11:47:39.715 INFO [stdout]                         at libstd/thread/mod.rs:408
Dec 01 11:47:39.715 INFO [stdout]                          - <F as alloc::boxed::FnBox<A>>::call_box::h6bfded618e480b32
Dec 01 11:47:39.715 INFO [stdout]                         at liballoc/boxed.rs:672
Dec 01 11:47:39.715 INFO [stdout]   22:     0x7eff3ccbec9d - <alloc::boxed::Box<(dyn alloc::boxed::FnBox<A, Output=R> + 'a)> as core::ops::function::FnOnce<A>>::call_once::h107741f455b08c4c
Dec 01 11:47:39.715 INFO [stdout]                         at liballoc/boxed.rs:682
Dec 01 11:47:39.715 INFO [stdout]                          - std::sys_common::thread::start_thread::h4c28257d67cdf9cb
Dec 01 11:47:39.715 INFO [stdout]                         at libstd/sys_common/thread.rs:24
Dec 01 11:47:39.715 INFO [stdout]   23:     0x7eff3cc944d5 - std::sys::unix::thread::Thread::new::thread_start::hfecb2e7eff8fd34f
Dec 01 11:47:39.715 INFO [stdout]                         at libstd/sys/unix/thread.rs:90
Dec 01 11:47:39.715 INFO [stdout]   24:     0x7eff3bba56b9 - start_thread
Dec 01 11:47:39.715 INFO [stdout]   25:     0x7eff3c97b41c - clone
Dec 01 11:47:39.715 INFO [stdout]   26:                0x0 - <unknown>
Dec 01 11:47:39.715 INFO [stdout] 
Dec 01 11:47:39.715 INFO [stdout] failed creating file "foo.txt"', libcore/result.rs:1009:5
Dec 01 11:47:39.715 INFO [stdout] stack backtrace:
Dec 01 11:47:39.715 INFO [stdout]    0:     0x7eff3ccb890f - std::sys::unix::backtrace::tracing::imp::unwind_backtrace::h3a8b83e1922cbdde
Dec 01 11:47:39.715 INFO [stdout]                                at libstd/sys/unix/backtrace/tracing/gcc_s.rs:49
Dec 01 11:47:39.715 INFO [stdout]    1:     0x7eff3cc9d897 - std::sys_common::backtrace::print::h00d3155a29b4020f
Dec 01 11:47:39.715 INFO [stdout]                                at libstd/sys_common/backtrace.rs:71
Dec 01 11:47:39.715 INFO [stdout]                                at libstd/sys_common/backtrace.rs:59
Dec 01 11:47:39.715 INFO [stdout]    2:     0x7eff3ccc3cef - std::panicking::default_hook::{{closure}}::hd7465c742e79e1bb
Dec 01 11:47:39.715 INFO [stdout]                                at libstd/panicking.rs:211
Dec 01 11:47:39.715 INFO [stdout]    3:     0x7eff3ccc39ee - std::panicking::default_hook::h9e3966f2aa2a6e12
Dec 01 11:47:39.715 INFO [stdout]                                at libstd/panicking.rs:221
Dec 01 11:47:39.715 INFO [stdout]    4:     0x7eff3ccc44e6 - std::panicking::rust_panic_with_hook::h587f091ae747d080
Dec 01 11:47:39.715 INFO [stdout]                                at libstd/panicking.rs:480
Dec 01 11:47:39.715 INFO [stdout]    5:     0x7eff3ccc4031 - std::panicking::continue_panic_fmt::hb3a4fdede87f43a8
Dec 01 11:47:39.715 INFO [stdout]                                at libstd/panicking.rs:390
Dec 01 11:47:39.715 INFO [stdout]    6:     0x7eff3ccc3f15 - rust_begin_unwind
Dec 01 11:47:39.715 INFO [stdout]                                at libstd/panicking.rs:325
Dec 01 11:47:39.715 INFO [stdout]    7:     0x7eff3cd25dec - core::panicking::panic_fmt::h6f9cebf5e7474a0b
Dec 01 11:47:39.715 INFO [stdout]                                at libcore/panicking.rs:77
Dec 01 11:47:39.715 INFO [stdout]    8:     0x5563cf36e30b - core::result::unwrap_failed::hcfc879ec5ef6b63d
Dec 01 11:47:39.715 INFO [stdout]                                at libcore/macros.rs:26
Dec 01 11:47:39.715 INFO [stdout]    9:     0x5563cf3687d6 - <core::result::Result<T, E>>::unwrap::h98a9e212c3656846
Dec 01 11:47:39.715 INFO [stdout]                                at libcore/result.rs:808
Dec 01 11:47:39.715 INFO [stdout]   10:     0x5563cf3279b3 - papyrus::tests::create_file_and_dir_test::h90876665ac360b38
Dec 01 11:47:39.715 INFO [stdout]                                at src/lib.rs:151
Dec 01 11:47:39.715 INFO [stdout]   11:     0x5563cf327919 - papyrus::tests::create_file_and_dir_test::{{closure}}::h3f5a2dbb954d18ae
Dec 01 11:47:39.715 INFO [stdout]                                at src/lib.rs:148
Dec 01 11:47:39.715 INFO [stdout]   12:     0x5563cf347cdd - core::ops::function::FnOnce::call_once::h48f13a824ed8925e
Dec 01 11:47:39.715 INFO [stdout]                                at libcore/ops/function.rs:238
Dec 01 11:47:39.715 INFO [stdout]   13:     0x7eff3d9f81be - <F as alloc::boxed::FnBox<A>>::call_box::hac903f91577a156c
Dec 01 11:47:39.715 INFO [stdout]                                at libtest/lib.rs:1468
Dec 01 11:47:39.715 INFO [stdout]                                at libcore/ops/function.rs:238
Dec 01 11:47:39.715 INFO [stdout]                                at liballoc/boxed.rs:672
Dec 01 11:47:39.715 INFO [stdout]   14:     0x7eff3ccd1cd9 - __rust_maybe_catch_panic
Dec 01 11:47:39.715 INFO [stdout]                                at libpanic_unwind/lib.rs:102
Dec 01 11:47:39.715 INFO [stdout]   15:     0x7eff3da20462 - std::sys_common::backtrace::__rust_begin_short_backtrace::hb8f0d0309526c184
Dec 01 11:47:39.715 INFO [stdout]                                at libstd/panicking.rs:289
Dec 01 11:47:39.715 INFO [stdout]                                at libstd/panic.rs:392
Dec 01 11:47:39.715 INFO [stdout]                                at libtest/lib.rs:1423
Dec 01 11:47:39.716 INFO [stdout]                                at libstd/sys_common/backtrace.rs:136
Dec 01 11:47:39.716 INFO [stdout]   16:     0x7eff3da21204 - std::panicking::try::do_call::hc2f7c8b9a348d8db
Dec 01 11:47:39.716 INFO [stdout]                                at libstd/thread/mod.rs:409
Dec 01 11:47:39.716 INFO [stdout]                                at libstd/panic.rs:313
Dec 01 11:47:39.716 INFO [stdout]                                at libstd/panicking.rs:310
Dec 01 11:47:39.716 INFO [stdout]   17:     0x7eff3ccd1cd9 - __rust_maybe_catch_panic
Dec 01 11:47:39.716 INFO [stdout]                                at libpanic_unwind/lib.rs:102
Dec 01 11:47:39.716 INFO [stdout]   18:     0x7eff3da0994c - <F as alloc::boxed::FnBox<A>>::call_box::h6bfded618e480b32
Dec 01 11:47:39.716 INFO [stdout]                                at libstd/panicking.rs:289
Dec 01 11:47:39.716 INFO [stdout]                                at libstd/panic.rs:392
Dec 01 11:47:39.716 INFO [stdout]                                at libstd/thread/mod.rs:408
Dec 01 11:47:39.716 INFO [stdout]                                at liballoc/boxed.rs:672
Dec 01 11:47:39.716 INFO [stdout]   19:     0x7eff3ccbec9d - std::sys_common::thread::start_thread::h4c28257d67cdf9cb
Dec 01 11:47:39.716 INFO [stdout]                                at liballoc/boxed.rs:682
Dec 01 11:47:39.716 INFO [stdout]                                at libstd/sys_common/thread.rs:24
Dec 01 11:47:39.716 INFO [stdout]   20:     0x7eff3cc944d5 - std::sys::unix::thread::Thread::new::thread_start::hfecb2e7eff8fd34f
Dec 01 11:47:39.716 INFO [stdout]                                at libstd/sys/unix/thread.rs:90
Dec 01 11:47:39.716 INFO [stdout]   21:     0x7eff3bba56b9 - start_thread
Dec 01 11:47:39.716 INFO [stdout]   22:     0x7eff3c97b41c - clone
Dec 01 11:47:39.716 INFO [stdout]   23:                0x0 - <unknown>
Dec 01 11:47:39.716 INFO [stdout] 
Dec 01 11:47:39.716 INFO [stdout] 
Dec 01 11:47:39.716 INFO [stdout] failures:
Dec 01 11:47:39.716 INFO [stdout]     compile::tests::fail_compile
Dec 01 11:47:39.716 INFO [stdout]     compile::tests::fail_runtime
Dec 01 11:47:39.716 INFO [stdout]     compile::tests::test_10_stmts_compile
Dec 01 11:47:39.716 INFO [stdout]     compile::tests::test_20_stmts_compile
Dec 01 11:47:39.716 INFO [stdout]     compile::tests::test_build_compile_dir
Dec 01 11:47:39.716 INFO [stdout]     compile::tests::test_run_success
Dec 01 11:47:39.716 INFO [stdout]     repl::tests::load_rs_source
Dec 01 11:47:39.716 INFO [stdout]     repl::tests::load_rscript_script
Dec 01 11:47:39.716 INFO [stdout]     tests::create_file_and_dir_test
Dec 01 11:47:39.716 INFO [stdout]     version::test_web_req
Dec 01 11:47:39.716 INFO [stdout] 
Dec 01 11:47:39.716 INFO [stdout] test result: FAILED. 11 passed; 10 failed; 0 ignored; 0 measured; 0 filtered out
Dec 01 11:47:39.716 INFO [stdout] 
Dec 01 11:47:39.729 INFO [stderr] error: test failed, to rerun pass '--lib'
Dec 01 11:47:39.731 INFO [stderr] su: No module specific data is present
Dec 01 11:47:41.331 INFO running `"docker" "inspect" "56e393cfbe41661c5fb54992ebabe863a1588269a24f0331d108ea8d586c5804"`
Dec 01 11:47:41.771 INFO running `"docker" "rm" "-f" "56e393cfbe41661c5fb54992ebabe863a1588269a24f0331d108ea8d586c5804"`
Dec 01 11:47:42.031 INFO [stdout] 56e393cfbe41661c5fb54992ebabe863a1588269a24f0331d108ea8d586c5804
